rmine c(17).
0
Let m(s) = s**3 - 13*s**2 - 15*s + 18. Give m(14).
4
Let b(a) = 3*a + 24. What is b(-10)?
-6
Let i(u) = u**2 - 36*u + 149. Give i(32).
21
Let g(w) = w**2 - 222*w + 5. Determine g(0).
5
Let l(z) = z**2 - 5*z - 2. Calculate l(11).
64
Let r(h) = -23*h - 34. Give r(-3).
35
Let o(c) = -3*c. What is o(8)?
-24
Let a(o) = -o**3 - 13*o**2 - 26*o - 8. What is a(-11)?
36
Let i(r) = 2*r**2 - 5*r - 276. Determine i(-11).
21
Let t(s) = -10*s + 68. Give t(6).
8
Let o(h) = -29*h - 27. Calculate o(-5).
118
Let b(n) = -2*n - 7. What is b(3)?
-13
Let y(m) = m**3 - 7*m**2 + 3*m + 17. Calculate y(6).
-1
Let i(p) = -p + 2. Determine i(-3).
5
Let l(v) = -v**3 - 5*v**2 - 5*v + 2. What is l(-2)?
0
Let v(h) = 2*h**2 + 31*h + 58. What is v(-13)?
-7
Let c(m) = -m**2 + 9*m + 3. Determine c(9).
3
Let n(d) = -d**2 + d - 31. Give n(0).
-31
Let w(l) = -8*l - 2. Calculate w(-4).
30
Let v(m) = m + 6. Calculate v(7).
13
Let h(r) = -5*r + 14. Calculate h(3).
-1
Let h(g) = -g**2 - 7*g + 5. Give h(3).
-25
Let q(g) = -g - 7. What is q(-6)?
-1
Let c(j) = 3*j**2 - 6*j - 2. Give c(2).
-2
Let x(m) = -m**2 + 20*m + 14. Give x(13).
105
Let j(c) = -c**2 + 22*c - 86. Calculate j(17).
-1
Let d(r) = -r**2 + 2*r + 6. What is d(3)?
3
Let g(q) = -q**2 - 17*q - 14. Give g(-9).
58
Let t(f) = -5*f + 53. Give t(10).
3
Let y(j) = j**3 - 13*j**2 + 13*j - 10. Give y(12).
2
Let b(f) = -24*f**3 - 2*f**2 - 2*f - 1. What is b(-1)?
23
Let r(q) = -q**3 - 3*q**2 - 3*q - 3. What is r(-3)?
6
Let r(s) = s**2 + 10*s + 13. Calculate r(-9).
4
Let r(i) = -9*i. Give r(-1).
9
Let p(t) = -2*t - 51. Give p(-25).
-1
Let r(l) = -2*l**2 + 134*l - 126. Calculate r(66).
6
Let d(c) = c**3 + 18*c**2 + 24. Determine d(-18).
24
Let o(u) = u**3 + 7*u**2 - 4*u + 26. Determine o(-8).
-6
Let q(j) = 2*j - 36. What is q(18)?
0
Let h(q) = 3*q**2 - 7*q - 1. Give h(3).
5
Let z(k) = k - 16. Determine z(13).
-3
Let h(n) = n - 3. Determine h(4).
1
Let k(q) = q**2 - 17*q + 3. Determine k(16).
-13
Let c(t) = 63*t - 320. What is c(5)?
-5
Let k(d) = -d**3 + 11*d**2 - 11*d + 13. Give k(11).
-108
Let p(z) = -z**2 + 4*z - 3. Determine p(7).
-24
Let j(h) = 7*h + 74. Give j(-11).
-3
Let j(h) = 15*h + 172. Determine j(-11).
7
Let v(a) = -3*a**2 - 21*a - 10. Determine v(-7).
-10
Let a(b) = -6*b + 26. Calculate a(5).
-4
Let h(d) = -8*d**2 - d. Give h(-1).
-7
Let v(x) = 2*x**3 - 5*x**2 + 2*x - 2. What is v(4)?
54
Let m(z) = 11*z. What is m(2)?
22
Let s(m) = 2*m**2 + 4*m + 5. Determine s(-5).
35
Let v(x) = 2*x**3 - 30*x**2 - x + 14. What is v(15)?
-1
Let l(s) = 3*s - 6. What is l(7)?
15
Let d(m) = -m**3 + 8*m**2 + 21*m - 6. Calculate d(10).
4
Let r(n) = 3*n**2 - 2*n + 1. Calculate r(-2).
17
Let c(p) = -p**3 + 14*p**2 - 2*p + 22. What is c(14)?
-6
Let z(c) = -c**3 - c**2 + 7*c + 8. What is z(-3)?
5
Let c(b) = 7*b**2 + 6*b - 2. Determine c(1).
11
Let t(o) = o**2 + 7*o + 7. Give t(-7).
7
Let g(c) = c**2 - 6. Calculate g(4).
10
Let t(c) = -2*c - 7. Give t(6).
-19
Let u(g) = -2*g**3 - 6*g**2 - 6*g - 10. Give u(-4).
46
Let f(q) = -11*q**2 - 1. Determine f(1).
-12
Let t(d) = -17*d - 9. Calculate t(-2).
25
Let f(d) = -2*d + 5. What is f(5)?
-5
Let b(n) = -n**2 + 9*n - 6. Determine b(0).
-6
Let d(i) = -8*i**3 - 3*i**2 - 3*i - 3. What is d(-2)?
55
Let r(j) = 2*j**2 - 10*j + 10. Calculate r(7).
38
Let t(g) = 10*g**2 - 44*g + 15. Give t(4).
-1
Let t(p) = p**2 + 7*p + 6. Give t(-5).
-4
Let a(h) = h**3 + 5*h**2 + 5*h + 7. Calculate a(-5).
-18
Let u(n) = n. What is u(0)?
0
Let g(t) = 12*t - 2. Calculate g(-6).
-74
Let y(s) = s**2 + 5*s + 6. What is y(-2)?
0
Let a(p) = 2*p**3 + 67*p**2 - 34*p - 3. What is a(-34)?
-3
Let z(w) = 2*w**2 - 9*w + 5. Determine z(4).
1
Let o(l) = -l**2 - 6*l + 158. Calculate o(-16).
-2
Let j(g) = g**3 - 2*g**2 - 5*g + 4. Calculate j(3).
-2
Let l(v) = v**3 - 12*v**2 + 37*v - 4. What is l(7)?
10
Let f(h) = h**3 + 11*h**2 + 13*h + 18. Calculate f(-9).
63
Let l(b) = b**2 - 15*b + 11. Determine l(12).
-25
Let i(p) = -p**3 - 7*p**2 - 4*p + 14. Determine i(-6).
2
Let u(i) = -3*i + 8. What is u(5)?
-7
Let k(w) = 2*w**2 + 3. Give k(0).
3
Let t(o) = 2*o + 12. Determine t(-6).
0
Let y(b) = 7*b + 10. What is y(-2)?
-4
Let a(l) = 5*l**3 - l**2 - l. What is a(-1)?
-5
Let x(q) = -q**3 + 2*q**2 - 4*q + 5. Determine x(4).
-43
Let v(s) = s**3 - 3*s**2 + 2*s. What is v(3)?
6
Let z(w) = w**3 + w**2 + w + 41. Give z(0).
41
Let h(p) = -p**3 - 5*p**2 + 5*p - 5. Calculate h(-5).
-30
Let w(m) = -9*m - 520. Determine w(-58).
2
Let c(v) = -v**3 - 15*v**2 + 14*v - 31. Calculate c(-16).
1
Let l(t) = t - 35. Calculate l(22).
-13
Let o(t) = 15*t - 57. Calculate o(8).
63
Let i(j) = -8*j**3 + j**2 + j. Give i(-1).
8
Let o(p) = -p**3 - 7*p**2 + 27*p - 3. Give o(-10).
27
Let f(m) = -m**2 - 6*m - 3. Give f(-4).
5
Let q(z) = -z**2 + z + 47. Determine q(-5).
17
Let y(p) = -16*p**2 + 93*p + 15. What is y(6)?
-3
Let w(d) = d**3 + 17*d**2 - 24*d - 97. Calculate w(-18).
11
Let x(l) = 3*l**3 - 28*l**2 - 14*l - 63. Determine x(10).
-3
Let j(z) = -z**3 + 20*z**2 - 94*z + 3. Calculate j(8).
19
Let m(s) = s**2 + 14*s - 16. Calculate m(-15).
-1
Let s(o) = -o - 5. Calculate s(-7).
2
Let l(o) = o**2 - 4*o - 2. Give l(4).
-2
Let p(h) = 2*h + 40. Determine p(-19).
2
Let s(u) = -2*u**3 + 5*u**2 + 2*u + 6. Calculate s(4).
-34
Let l(a) = -3*a + 4. What is l(-4)?
16
Let c(t) = -3*t**2 - 6*t + 20. Determine c(-5).
-25
Let d(w) = -8*w + 96. What is d(11)?
8
Let i(h) = -12*h**3 - 3*h**2 + 5*h - 6. Calculate i(2).
-104
Let c(t) = -t**3 + 8*t**2 - 2*t - 8. Calculate c(4).
48
Let a(x) = -x**2 + 4*x + 14. Give a(7).
-7
Let t(p) = 14*p**2 - p + 1. What is t(3)?
124
Let t(n) = -n**2 - 5*n + 25. Determine t(-8).
1
Let i(v) = v**3 + 15*v**2 + 14*v + 1. Calculate i(-14).
1
Let w(l) = -l**3 + 10*l**2 - 20*l + 6. What is w(8)?
-26
Let c(g) = 5*g**3 - g**2 - 4*g - 2. Calculate c(-1).
-4
Let g(l) = 2*l**2 + 8*l - 10. What is g(-4)?
-10
Let z(f) = -2*f - 6. What is z(2)?
-10
Let j(l) = -l**2 + 13*l + 4. What is j(9)?
40
Let y(j) = -3*j + 6. Give y(-5).
21
Let j(u) = u**2 - u - 14. Calculate j(-3).
-2
Let u(x) = -x + 3. Determine u(5).
-2
Let m(o) = -2*o**2 + 6*o + 31. Give m(6).
-5
Let t(c) = 8*c**2 - 3*c - 3. Give t(-2).
35
Let v(h) = h**2 + 11*h - 24. What is v(-11)?
-24
Let v(z) = z**3 + 5. Calculate v(-2).
-3
Let c(v) = -v - 5. Determine c(5).
-10
Let o(l) = 2*l**2 - 3*l - 15. Determine o(0).
-15
Let b(a) = -a**2 + 22*a - 11. What is b(22)?
-11
Let p(l) = -l**3 + 28*l**2 - 77*l + 55. What is p(25)?
5
Let h(d) = 3*d**3 + 6*d**2 - 4*d + 7. Determine h(-4).
-73
Let r(s) = 2*s**2 - 2*s - 2. What is r(6)?
58
Let a(t) = 11*t**2 - 2*t. What is a(-1)?
13
Let h(w) = 14*w - 122. Determine h(7).
-24
Let m(z) = z**3 - 7*z + 3. Calculate m(3).
9
Let s(q) = -q**3 - 3*q**2 + 2*q - 3. Calculate s(-4).
5
Let f(w) = -93*w + 11. What is f(0)?
11
Let w(n) = n**3 + 18*n**2 + 53*n + 341. Calculate w(-16).
5
Let a(n) = 2*n - 12. Calculate a(11).
10
Let p(s) = -s**3 - 2*s**2 - s + 2. Determine p(0).
2
Let t(q) = -q - 3. Give t(2).
-5
Let q(s) = -s**3 + 2*s**2 + s - 2. Calculate q(-2).
12
Let p(n) = n**3 + 3*n**2 - 3*n - 4. Calculate p(-3).
5
Let v(z) = -10*z**2 - 3*z + 5. Determine v(3).
-94
Let r(n) = n**3 + n**2 - 2*n + 21. Calculate r(0).
21
Let j(q) = -q**2 - 11*q + 3. What is j(-12)?
-9
Let f(g) = -81*g + 8. Give f(1).
-73
Let u(k) = -k**3 - k**2 - 4*k. Give u(-3).
30
Let d(x) = x**2 - 7*x - 1. What is d(4)?
-13
Let q(b) = -2*b**3 + 18*b**2 - 16*b - 7. What is q(8)?
-7
Let t(r) = -5*r + 21. Give t(6).
-9
Let w(c) = -c**3 + 12*c**2 - 3*c + 13. Calculate w(12).
-23
Let k(j) = -j**2 - j - 54. What is k(-13)?
-210
Let l(g) = g**3 + 29*g**2 + 27*g - 57. Determine l(-28).
-29
Let y(k) = 10*k + 87. What is y(-9)?
-3
Let f(s) = -36*s**3 - s**2 + s + 2. Calculate f(-1).
36
Let j(a) = a**2 - 4*a - 6. What is j(8)?
26
Let j(t) = -5*t + 136. What is j(23)?
21
Let c(z) = -2*z**3 - z**2 + z. Determine c(-2).
10
Let a(t) = t**3 + 7*t**2 - 10*t + 4. Give a(-8).
20
Let z(m) = -m**3 - 11*m**2 - 10*m + 2. Give z(-10).
2
Let l(u) = -u**3 - 28*u**2 - 2*u - 33. Give l(-28).
23
Let y(i) = -6*i - 106. Calculate y(-17).
-4
Let a(o) = -o**2 - 6*o + 1. Calculate a(-6).
1
Let h(s) = s - 10. Give h(10).
0
Let y(c) = -17*c + 43. Calculate y(2).
9
Let y(m) = 2*m**2 + 13*m - 8. Calculate y(-9).
37
Let u(d) = d**3 + 32*d**2 - 2*d - 44. Give u